{"id":10,"date":"2026-02-27T00:40:52","date_gmt":"2026-02-26T23:40:52","guid":{"rendered":"http:\/\/leadmatic.pl\/index.php\/moje-konto\/"},"modified":"2026-04-11T21:15:41","modified_gmt":"2026-04-11T19:15:41","slug":"moje-konto","status":"publish","type":"page","link":"https:\/\/leadmatic.pl\/index.php\/moje-konto\/","title":{"rendered":"Czym si\u0119 zajmujemy"},"content":{"rendered":"\t\t<div data-elementor-type=\"wp-page\" data-elementor-id=\"10\" class=\"elementor elementor-10\">\n\t\t\t\t<div class=\"elementor-element elementor-element-4693523 e-con-full e-flex e-con e-parent\" data-id=\"4693523\" data-element_type=\"container\" data-e-type=\"container\">\n\t\t\t\t<div class=\"elementor-element elementor-element-b4b6451 elementor-widget elementor-widget-heading\" data-id=\"b4b6451\" data-element_type=\"widget\" data-e-type=\"widget\" data-widget_type=\"heading.default\">\n\t\t\t\t\t<h2 class=\"elementor-heading-title elementor-size-default\">Trafi\u0142e\u015b do nas? \n\nCzyli posiadasz problem jak wi\u0119kszo\u015bc firm ofertuj\u0105ce us\u0142ugi. My znamy twoje problemy: <\/h2>\t\t\t\t<\/div>\n\t\t\t\t<\/div>\n\t\t<div class=\"elementor-element elementor-element-7c6c523 e-flex e-con-boxed e-con e-parent\" data-id=\"7c6c523\" data-element_type=\"container\" data-e-type=\"container\">\n\t\t\t\t\t<div class=\"e-con-inner\">\n\t\t\t\t<div class=\"elementor-element elementor-element-9ae3f56 elementor-widget elementor-widget-image\" data-id=\"9ae3f56\" data-element_type=\"widget\" data-e-type=\"widget\" data-widget_type=\"image.default\">\n\t\t\t\t\t\t\t\t\t\t\t\t\t\t\t<img fetchpriority=\"high\" decoding=\"async\" width=\"750\" height=\"300\" src=\"https:\/\/leadmatic.pl\/wp-content\/uploads\/2026\/03\/lead-generation.jpg\" class=\"attachment-large size-large wp-image-339\" alt=\"\" srcset=\"https:\/\/leadmatic.pl\/wp-content\/uploads\/2026\/03\/lead-generation.jpg 750w, https:\/\/leadmatic.pl\/wp-content\/uploads\/2026\/03\/lead-generation-300x120.jpg 300w, https:\/\/leadmatic.pl\/wp-content\/uploads\/2026\/03\/lead-generation-600x240.jpg 600w\" sizes=\"(max-width: 750px) 100vw, 750px\" \/>\t\t\t\t\t\t\t\t\t\t\t\t\t\t\t<\/div>\n\t\t\t\t<div class=\"elementor-element elementor-element-61c6474 elementor-widget elementor-widget-text-editor\" data-id=\"61c6474\" data-element_type=\"widget\" data-e-type=\"widget\" data-widget_type=\"text-editor.default\">\n\t\t\t\t\t\t\t\t\t<ul><li>Masz problem w nowym \u015bwiecie internetu aby pozyskiwa\u0107 nowych klient\u00f3w?<\/li><li>Masz telefony, kt\u00f3re tobie uciekaj\u0105? Era notes\u00f3w to ju\u017c przesz\u0142o\u015b\u0107!\u00a0<\/li><\/ul><p><strong>Tutaj wchodzimy MY!<\/strong><\/p><p>Naszym celem jest aby\u015b nie przejmowa\u0142 sie nowymi klientami.\u00a0<\/p><p>My pozyskamy ich za ciebie wraz z wdro\u017ceniem systemu bazy klient\u00f3w CRM!<\/p>\t\t\t\t\t\t\t\t<\/div>\n\t\t\t\t\t<\/div>\n\t\t\t\t<\/div>\n\t\t<div class=\"elementor-element elementor-element-2cefd57 e-flex e-con-boxed e-con e-parent\" data-id=\"2cefd57\" data-element_type=\"container\" data-e-type=\"container\">\n\t\t\t\t\t<div class=\"e-con-inner\">\n\t\t\t\t<div class=\"elementor-element elementor-element-d00edd2 elementor-widget elementor-widget-heading\" data-id=\"d00edd2\" data-element_type=\"widget\" data-e-type=\"widget\" data-widget_type=\"heading.default\">\n\t\t\t\t\t<h2 class=\"elementor-heading-title elementor-size-default\">Co oferujemy: <\/h2>\t\t\t\t<\/div>\n\t\t\t\t<div class=\"elementor-element elementor-element-8479f00 elementor-widget elementor-widget-text-editor\" data-id=\"8479f00\" data-element_type=\"widget\" data-e-type=\"widget\" data-widget_type=\"text-editor.default\">\n\t\t\t\t\t\t\t\t\t<ul><li><strong>Tworzymy strony ofertowe dla twojej firmy<\/strong><\/li><li><strong>Uruchamiamy kampanie reklamowe w Social mediach<\/strong><\/li><li><strong>LEADY &#8211; Pozyskujemy nowych klient\u00f3w\u00a0<\/strong><\/li><li><strong>Klienci uzupe\u0142niaj\u0105c formularz, trafiaj\u0105 do twojej bazy Klient\u00f3w CRM<\/strong><\/li><li><strong>Twoja firma posiada kontakt do potencjalnego klienta\u00a0<\/strong><\/li><\/ul>\t\t\t\t\t\t\t\t<\/div>\n\t\t\t\t<div class=\"elementor-element elementor-element-a961e3b elementor-widget elementor-widget-heading\" data-id=\"a961e3b\" data-element_type=\"widget\" data-e-type=\"widget\" data-widget_type=\"heading.default\">\n\t\t\t\t\t<h2 class=\"elementor-heading-title elementor-size-default\">Bran\u017ca OZE<\/h2>\t\t\t\t<\/div>\n\t\t\t\t\t<\/div>\n\t\t\t\t<\/div>\n\t\t<div class=\"elementor-element elementor-element-14ea087 e-flex e-con-boxed e-con e-parent\" data-id=\"14ea087\" data-element_type=\"container\" data-e-type=\"container\">\n\t\t\t\t\t<div class=\"e-con-inner\">\n\t\t\t\t<div class=\"elementor-element elementor-element-703bfbd elementor-widget elementor-widget-image\" data-id=\"703bfbd\" data-element_type=\"widget\" data-e-type=\"widget\" data-widget_type=\"image.default\">\n\t\t\t\t\t\t\t\t\t\t\t\t\t\t\t<img decoding=\"async\" width=\"600\" height=\"600\" src=\"https:\/\/leadmatic.pl\/wp-content\/uploads\/2026\/03\/Fotowolkika-600x600.jpg\" class=\"attachment-ocean-thumb-m size-ocean-thumb-m wp-image-230\" alt=\"\" srcset=\"https:\/\/leadmatic.pl\/wp-content\/uploads\/2026\/03\/Fotowolkika-600x600.jpg 600w, https:\/\/leadmatic.pl\/wp-content\/uploads\/2026\/03\/Fotowolkika-150x150.jpg 150w, https:\/\/leadmatic.pl\/wp-content\/uploads\/2026\/03\/Fotowolkika-300x300.jpg 300w, https:\/\/leadmatic.pl\/wp-content\/uploads\/2026\/03\/Fotowolkika-100x100.jpg 100w\" sizes=\"(max-width: 600px) 100vw, 600px\" \/>\t\t\t\t\t\t\t\t\t\t\t\t\t\t\t<\/div>\n\t\t\t\t\t<\/div>\n\t\t\t\t<\/div>\n\t\t<div class=\"elementor-element elementor-element-a0fee5c e-flex e-con-boxed e-con e-parent\" data-id=\"a0fee5c\" data-element_type=\"container\" data-e-type=\"container\">\n\t\t\t\t\t<div class=\"e-con-inner\">\n\t\t\t\t<div class=\"elementor-element elementor-element-5807048 elementor-widget elementor-widget-heading\" data-id=\"5807048\" data-element_type=\"widget\" data-e-type=\"widget\" data-widget_type=\"heading.default\">\n\t\t\t\t\t<h2 class=\"elementor-heading-title elementor-size-default\">Biznes   Szkolenia   Edukacja<\/h2>\t\t\t\t<\/div>\n\t\t\t\t\t<\/div>\n\t\t\t\t<\/div>\n\t\t<div class=\"elementor-element elementor-element-1b045a6 e-flex e-con-boxed e-con e-parent\" data-id=\"1b045a6\" data-element_type=\"container\" data-e-type=\"container\">\n\t\t\t\t\t<div class=\"e-con-inner\">\n\t\t\t\t<div class=\"elementor-element elementor-element-a04c16e elementor-widget elementor-widget-image\" data-id=\"a04c16e\" data-element_type=\"widget\" data-e-type=\"widget\" data-widget_type=\"image.default\">\n\t\t\t\t\t\t\t\t\t\t\t\t\t\t\t<img decoding=\"async\" width=\"600\" height=\"600\" src=\"https:\/\/leadmatic.pl\/wp-content\/uploads\/2026\/03\/biznes-edu-600x600.jpg\" class=\"attachment-ocean-thumb-m size-ocean-thumb-m wp-image-229\" alt=\"\" srcset=\"https:\/\/leadmatic.pl\/wp-content\/uploads\/2026\/03\/biznes-edu-600x600.jpg 600w, https:\/\/leadmatic.pl\/wp-content\/uploads\/2026\/03\/biznes-edu-150x150.jpg 150w, https:\/\/leadmatic.pl\/wp-content\/uploads\/2026\/03\/biznes-edu-300x300.jpg 300w, https:\/\/leadmatic.pl\/wp-content\/uploads\/2026\/03\/biznes-edu-100x100.jpg 100w\" sizes=\"(max-width: 600px) 100vw, 600px\" \/>\t\t\t\t\t\t\t\t\t\t\t\t\t\t\t<\/div>\n\t\t\t\t\t<\/div>\n\t\t\t\t<\/div>\n\t\t<div class=\"elementor-element elementor-element-382d424 e-flex e-con-boxed e-con e-parent\" data-id=\"382d424\" data-element_type=\"container\" data-e-type=\"container\">\n\t\t\t\t\t<div class=\"e-con-inner\">\n\t\t\t\t<div class=\"elementor-element elementor-element-08c92c2 elementor-widget elementor-widget-heading\" data-id=\"08c92c2\" data-element_type=\"widget\" data-e-type=\"widget\" data-widget_type=\"heading.default\">\n\t\t\t\t\t<h2 class=\"elementor-heading-title elementor-size-default\">MODA <\/h2>\t\t\t\t<\/div>\n\t\t\t\t\t<\/div>\n\t\t\t\t<\/div>\n\t\t<div class=\"elementor-element elementor-element-548eb64 e-flex e-con-boxed e-con e-parent\" data-id=\"548eb64\" data-element_type=\"container\" data-e-type=\"container\">\n\t\t\t\t\t<div class=\"e-con-inner\">\n\t\t\t\t<div class=\"elementor-element elementor-element-d7e3ad3 elementor-widget elementor-widget-image\" data-id=\"d7e3ad3\" data-element_type=\"widget\" data-e-type=\"widget\" data-widget_type=\"image.default\">\n\t\t\t\t\t\t\t\t\t\t\t\t\t\t\t<img loading=\"lazy\" decoding=\"async\" width=\"768\" height=\"1152\" src=\"https:\/\/leadmatic.pl\/wp-content\/uploads\/2026\/03\/moda-768x1152.jpg\" class=\"attachment-medium_large size-medium_large wp-image-227\" alt=\"\" srcset=\"https:\/\/leadmatic.pl\/wp-content\/uploads\/2026\/03\/moda-768x1152.jpg 768w, https:\/\/leadmatic.pl\/wp-content\/uploads\/2026\/03\/moda-200x300.jpg 200w, https:\/\/leadmatic.pl\/wp-content\/uploads\/2026\/03\/moda-683x1024.jpg 683w, https:\/\/leadmatic.pl\/wp-content\/uploads\/2026\/03\/moda-1024x1536.jpg 1024w, https:\/\/leadmatic.pl\/wp-content\/uploads\/2026\/03\/moda-1365x2048.jpg 1365w, https:\/\/leadmatic.pl\/wp-content\/uploads\/2026\/03\/moda-1320x1980.jpg 1320w, https:\/\/leadmatic.pl\/wp-content\/uploads\/2026\/03\/moda-600x900.jpg 600w, https:\/\/leadmatic.pl\/wp-content\/uploads\/2026\/03\/moda-scaled.jpg 1707w\" sizes=\"(max-width: 768px) 100vw, 768px\" \/>\t\t\t\t\t\t\t\t\t\t\t\t\t\t\t<\/div>\n\t\t\t\t\t<\/div>\n\t\t\t\t<\/div>\n\t\t<div class=\"elementor-element elementor-element-a59e27e e-flex e-con-boxed e-con e-parent\" data-id=\"a59e27e\" data-element_type=\"container\" data-e-type=\"container\">\n\t\t\t\t\t<div class=\"e-con-inner\">\n\t\t\t\t<div class=\"elementor-element elementor-element-7787059 elementor-widget elementor-widget-heading\" data-id=\"7787059\" data-element_type=\"widget\" data-e-type=\"widget\" data-widget_type=\"heading.default\">\n\t\t\t\t\t<h2 class=\"elementor-heading-title elementor-size-default\">BEAUTY<\/h2>\t\t\t\t<\/div>\n\t\t\t\t\t<\/div>\n\t\t\t\t<\/div>\n\t\t<div class=\"elementor-element elementor-element-0923f54 e-flex e-con-boxed e-con e-parent\" data-id=\"0923f54\" data-element_type=\"container\" data-e-type=\"container\">\n\t\t\t\t\t<div class=\"e-con-inner\">\n\t\t\t\t<div class=\"elementor-element elementor-element-722ba71 elementor-widget elementor-widget-image\" data-id=\"722ba71\" data-element_type=\"widget\" data-e-type=\"widget\" data-widget_type=\"image.default\">\n\t\t\t\t\t\t\t\t\t\t\t\t\t\t\t<img loading=\"lazy\" decoding=\"async\" width=\"600\" height=\"600\" src=\"https:\/\/leadmatic.pl\/wp-content\/uploads\/2026\/03\/Beuty-600x600.jpg\" class=\"attachment-ocean-thumb-m size-ocean-thumb-m wp-image-225\" alt=\"\" srcset=\"https:\/\/leadmatic.pl\/wp-content\/uploads\/2026\/03\/Beuty-600x600.jpg 600w, https:\/\/leadmatic.pl\/wp-content\/uploads\/2026\/03\/Beuty-150x150.jpg 150w, https:\/\/leadmatic.pl\/wp-content\/uploads\/2026\/03\/Beuty-300x300.jpg 300w, https:\/\/leadmatic.pl\/wp-content\/uploads\/2026\/03\/Beuty-100x100.jpg 100w\" sizes=\"(max-width: 600px) 100vw, 600px\" \/>\t\t\t\t\t\t\t\t\t\t\t\t\t\t\t<\/div>\n\t\t\t\t\t<\/div>\n\t\t\t\t<\/div>\n\t\t<div class=\"elementor-element elementor-element-e86c75e e-flex e-con-boxed e-con e-parent\" data-id=\"e86c75e\" data-element_type=\"container\" data-e-type=\"container\">\n\t\t\t\t\t<div class=\"e-con-inner\">\n\t\t\t\t<div class=\"elementor-element elementor-element-a027418 elementor-widget elementor-widget-heading\" data-id=\"a027418\" data-element_type=\"widget\" data-e-type=\"widget\" data-widget_type=\"heading.default\">\n\t\t\t\t\t<h2 class=\"elementor-heading-title elementor-size-default\">AKTYWNY TRYB \u017bYCIA <\/h2>\t\t\t\t<\/div>\n\t\t\t\t\t<\/div>\n\t\t\t\t<\/div>\n\t\t<div class=\"elementor-element elementor-element-a9e0672 e-flex e-con-boxed e-con e-parent\" data-id=\"a9e0672\" data-element_type=\"container\" data-e-type=\"container\">\n\t\t\t\t\t<div class=\"e-con-inner\">\n\t\t\t\t<div class=\"elementor-element elementor-element-b790938 elementor-widget elementor-widget-image\" data-id=\"b790938\" data-element_type=\"widget\" data-e-type=\"widget\" data-widget_type=\"image.default\">\n\t\t\t\t\t\t\t\t\t\t\t\t\t\t\t<img loading=\"lazy\" decoding=\"async\" width=\"768\" height=\"512\" src=\"https:\/\/leadmatic.pl\/wp-content\/uploads\/2026\/03\/Silownia-768x512.jpg\" class=\"attachment-medium_large size-medium_large wp-image-223\" alt=\"\" srcset=\"https:\/\/leadmatic.pl\/wp-content\/uploads\/2026\/03\/Silownia-768x512.jpg 768w, https:\/\/leadmatic.pl\/wp-content\/uploads\/2026\/03\/Silownia-300x200.jpg 300w, https:\/\/leadmatic.pl\/wp-content\/uploads\/2026\/03\/Silownia-1024x682.jpg 1024w, https:\/\/leadmatic.pl\/wp-content\/uploads\/2026\/03\/Silownia-1536x1024.jpg 1536w, https:\/\/leadmatic.pl\/wp-content\/uploads\/2026\/03\/Silownia-1320x880.jpg 1320w, https:\/\/leadmatic.pl\/wp-content\/uploads\/2026\/03\/Silownia-600x400.jpg 600w, https:\/\/leadmatic.pl\/wp-content\/uploads\/2026\/03\/Silownia.jpg 2000w\" sizes=\"(max-width: 768px) 100vw, 768px\" \/>\t\t\t\t\t\t\t\t\t\t\t\t\t\t\t<\/div>\n\t\t\t\t\t<\/div>\n\t\t\t\t<\/div>\n\t\t<div class=\"elementor-element elementor-element-8358e1b e-flex e-con-boxed e-con e-parent\" data-id=\"8358e1b\" data-element_type=\"container\" data-e-type=\"container\">\n\t\t\t\t\t<div class=\"e-con-inner\">\n\t\t\t\t<div class=\"elementor-element elementor-element-71fff24 elementor-widget elementor-widget-heading\" data-id=\"71fff24\" data-element_type=\"widget\" data-e-type=\"widget\" data-widget_type=\"heading.default\">\n\t\t\t\t\t<h2 class=\"elementor-heading-title elementor-size-default\">SUPLEMENTY OD\u017bYWKI<\/h2>\t\t\t\t<\/div>\n\t\t\t\t\t<\/div>\n\t\t\t\t<\/div>\n\t\t<div class=\"elementor-element elementor-element-8e4150e e-flex e-con-boxed e-con e-parent\" data-id=\"8e4150e\" data-element_type=\"container\" data-e-type=\"container\">\n\t\t\t\t\t<div class=\"e-con-inner\">\n\t\t\t\t<div class=\"elementor-element elementor-element-d3c7d35 elementor-widget elementor-widget-image\" data-id=\"d3c7d35\" data-element_type=\"widget\" data-e-type=\"widget\" data-widget_type=\"image.default\">\n\t\t\t\t\t\t\t\t\t\t\t\t\t\t\t<img loading=\"lazy\" decoding=\"async\" width=\"600\" height=\"600\" src=\"https:\/\/leadmatic.pl\/wp-content\/uploads\/2026\/03\/Suple-600x600.jpg\" class=\"attachment-ocean-thumb-m size-ocean-thumb-m wp-image-226\" alt=\"\" srcset=\"https:\/\/leadmatic.pl\/wp-content\/uploads\/2026\/03\/Suple-600x600.jpg 600w, https:\/\/leadmatic.pl\/wp-content\/uploads\/2026\/03\/Suple-150x150.jpg 150w, https:\/\/leadmatic.pl\/wp-content\/uploads\/2026\/03\/Suple-300x300.jpg 300w, https:\/\/leadmatic.pl\/wp-content\/uploads\/2026\/03\/Suple-100x100.jpg 100w\" sizes=\"(max-width: 600px) 100vw, 600px\" \/>\t\t\t\t\t\t\t\t\t\t\t\t\t\t\t<\/div>\n\t\t\t\t\t<\/div>\n\t\t\t\t<\/div>\n\t\t<div class=\"elementor-element elementor-element-3bb0495 e-flex e-con-boxed e-con e-parent\" data-id=\"3bb0495\" data-element_type=\"container\" data-e-type=\"container\">\n\t\t\t\t\t<div class=\"e-con-inner\">\n\t\t\t\t<div class=\"elementor-element elementor-element-0f009aa elementor-widget elementor-widget-heading\" data-id=\"0f009aa\" data-element_type=\"widget\" data-e-type=\"widget\" data-widget_type=\"heading.default\">\n\t\t\t\t\t<h2 class=\"elementor-heading-title elementor-size-default\">RESTAURACJA      CATERING<\/h2>\t\t\t\t<\/div>\n\t\t\t\t\t<\/div>\n\t\t\t\t<\/div>\n\t\t<div class=\"elementor-element elementor-element-6a3ce03 e-flex e-con-boxed e-con e-parent\" data-id=\"6a3ce03\" data-element_type=\"container\" data-e-type=\"container\">\n\t\t\t\t\t<div class=\"e-con-inner\">\n\t\t\t\t<div class=\"elementor-element elementor-element-e200b53 elementor-widget elementor-widget-image\" data-id=\"e200b53\" data-element_type=\"widget\" data-e-type=\"widget\" data-widget_type=\"image.default\">\n\t\t\t\t\t\t\t\t\t\t\t\t\t\t\t<img loading=\"lazy\" decoding=\"async\" width=\"600\" height=\"600\" src=\"https:\/\/leadmatic.pl\/wp-content\/uploads\/2026\/03\/Catering-600x600.jpg\" class=\"attachment-ocean-thumb-m size-ocean-thumb-m wp-image-224\" alt=\"\" srcset=\"https:\/\/leadmatic.pl\/wp-content\/uploads\/2026\/03\/Catering-600x600.jpg 600w, https:\/\/leadmatic.pl\/wp-content\/uploads\/2026\/03\/Catering-150x150.jpg 150w, https:\/\/leadmatic.pl\/wp-content\/uploads\/2026\/03\/Catering-300x300.jpg 300w, https:\/\/leadmatic.pl\/wp-content\/uploads\/2026\/03\/Catering-100x100.jpg 100w\" sizes=\"(max-width: 600px) 100vw, 600px\" \/>\t\t\t\t\t\t\t\t\t\t\t\t\t\t\t<\/div>\n\t\t\t\t\t<\/div>\n\t\t\t\t<\/div>\n\t\t<div class=\"elementor-element elementor-element-a073629 e-flex e-con-boxed e-con e-parent\" data-id=\"a073629\" data-element_type=\"container\" data-e-type=\"container\">\n\t\t\t\t\t<div class=\"e-con-inner\">\n\t\t\t\t<div class=\"elementor-element elementor-element-b567dcc elementor-widget elementor-widget-heading\" data-id=\"b567dcc\" data-element_type=\"widget\" data-e-type=\"widget\" data-widget_type=\"heading.default\">\n\t\t\t\t\t<h2 class=\"elementor-heading-title elementor-size-default\">NIERUCHOMO\u015aCI<\/h2>\t\t\t\t<\/div>\n\t\t\t\t\t<\/div>\n\t\t\t\t<\/div>\n\t\t<div class=\"elementor-element elementor-element-afa322b e-flex e-con-boxed e-con e-parent\" data-id=\"afa322b\" data-element_type=\"container\" data-e-type=\"container\">\n\t\t\t\t\t<div class=\"e-con-inner\">\n\t\t\t\t<div class=\"elementor-element elementor-element-66148b5 elementor-widget elementor-widget-image\" data-id=\"66148b5\" data-element_type=\"widget\" data-e-type=\"widget\" data-widget_type=\"image.default\">\n\t\t\t\t\t\t\t\t\t\t\t\t\t\t\t<img loading=\"lazy\" decoding=\"async\" width=\"600\" height=\"600\" src=\"https:\/\/leadmatic.pl\/wp-content\/uploads\/2026\/03\/nieruchomosci-600x600.jpg\" class=\"attachment-ocean-thumb-m size-ocean-thumb-m wp-image-228\" alt=\"\" srcset=\"https:\/\/leadmatic.pl\/wp-content\/uploads\/2026\/03\/nieruchomosci-600x600.jpg 600w, https:\/\/leadmatic.pl\/wp-content\/uploads\/2026\/03\/nieruchomosci-150x150.jpg 150w, https:\/\/leadmatic.pl\/wp-content\/uploads\/2026\/03\/nieruchomosci-300x300.jpg 300w, https:\/\/leadmatic.pl\/wp-content\/uploads\/2026\/03\/nieruchomosci-100x100.jpg 100w\" sizes=\"(max-width: 600px) 100vw, 600px\" \/>\t\t\t\t\t\t\t\t\t\t\t\t\t\t\t<\/div>\n\t\t\t\t\t<\/div>\n\t\t\t\t<\/div>\n\t\t<div class=\"elementor-element elementor-element-40332f4 e-flex e-con-boxed e-con e-parent\" data-id=\"40332f4\" data-element_type=\"container\" data-e-type=\"container\">\n\t\t\t\t\t<div class=\"e-con-inner\">\n\t\t\t\t<div class=\"elementor-element elementor-element-c5de21a elementor-widget elementor-widget-heading\" data-id=\"c5de21a\" data-element_type=\"widget\" data-e-type=\"widget\" data-widget_type=\"heading.default\">\n\t\t\t\t\t<h2 class=\"elementor-heading-title elementor-size-default\">CAR DETAILING<\/h2>\t\t\t\t<\/div>\n\t\t\t\t<div class=\"elementor-element elementor-element-51e2f8c elementor-widget elementor-widget-image\" data-id=\"51e2f8c\" data-element_type=\"widget\" data-e-type=\"widget\" data-widget_type=\"image.default\">\n\t\t\t\t\t\t\t\t\t\t\t\t\t\t\t<img loading=\"lazy\" decoding=\"async\" width=\"768\" height=\"526\" src=\"https:\/\/leadmatic.pl\/wp-content\/uploads\/2026\/04\/detailing-car-768x526.jpg\" class=\"attachment-medium_large size-medium_large wp-image-467\" alt=\"\" srcset=\"https:\/\/leadmatic.pl\/wp-content\/uploads\/2026\/04\/detailing-car-768x526.jpg 768w, https:\/\/leadmatic.pl\/wp-content\/uploads\/2026\/04\/detailing-car-300x206.jpg 300w, https:\/\/leadmatic.pl\/wp-content\/uploads\/2026\/04\/detailing-car-1024x701.jpg 1024w, https:\/\/leadmatic.pl\/wp-content\/uploads\/2026\/04\/detailing-car-600x411.jpg 600w, https:\/\/leadmatic.pl\/wp-content\/uploads\/2026\/04\/detailing-car.jpg 1200w\" sizes=\"(max-width: 768px) 100vw, 768px\" \/>\t\t\t\t\t\t\t\t\t\t\t\t\t\t\t<\/div>\n\t\t\t\t<div class=\"elementor-element elementor-element-d4e7318 elementor-widget elementor-widget-heading\" data-id=\"d4e7318\" data-element_type=\"widget\" data-e-type=\"widget\" data-widget_type=\"heading.default\">\n\t\t\t\t\t<h2 class=\"elementor-heading-title elementor-size-default\">TWOJA FIRMA  DZIA\u0141A W INNEJ BRAN\u017bY?<\/h2>\t\t\t\t<\/div>\n\t\t\t\t\t<\/div>\n\t\t\t\t<\/div>\n\t\t<div class=\"elementor-element elementor-element-8579c1e e-flex e-con-boxed e-con e-parent\" data-id=\"8579c1e\" data-element_type=\"container\" data-e-type=\"container\">\n\t\t\t\t\t<div class=\"e-con-inner\">\n\t\t\t\t<div class=\"elementor-element elementor-element-6cf5f32 elementor-widget elementor-widget-heading\" data-id=\"6cf5f32\" data-element_type=\"widget\" data-e-type=\"widget\" data-widget_type=\"heading.default\">\n\t\t\t\t\t<h2 class=\"elementor-heading-title elementor-size-default\">ZOBACZYMY CZY MO\u017bEMY TOBIE POM\u00d3C\nNAPISZ DO NAS! <\/h2>\t\t\t\t<\/div>\n\t\t\t\t\t<\/div>\n\t\t\t\t<\/div>\n\t\t<div class=\"elementor-element elementor-element-c2905af e-flex e-con-boxed e-con e-parent\" data-id=\"c2905af\" data-element_type=\"container\" data-e-type=\"container\">\n\t\t\t\t\t<div class=\"e-con-inner\">\n\t\t\t\t<div class=\"elementor-element elementor-element-740386f elementor-widget elementor-widget-eael-creative-button\" data-id=\"740386f\" data-element_type=\"widget\" data-e-type=\"widget\" data-widget_type=\"eael-creative-button.default\">\n\t\t\t\t\t        <div class=\"eael-creative-button-wrapper\">\n\n            <a class=\"eael-creative-button eael-creative-button--tamaya eael-cb-icon-position-\" href=\"http:\/\/leadmatic.pl\/index.php\/potencjalny-klient\/\" data-text=\"KONTAKT\">\n            \t                <div class=\"eael-creative-button--tamaya-secondary eael-creative-button--tamaya-before\"><span>KONTAKT<\/span><\/div>\n        \n                <div class=\"creative-button-inner\">\n\n                    \n                    <span class=\"cretive-button-text\">KONTAKT<\/span>\n\n                                    <\/div>\n\t                                <div class=\"eael-creative-button--tamaya-secondary eael-creative-button--tamaya-after\"><span>KONTAKT<\/span><\/div>\n\t                        <\/a>\n        <\/div>\n        \t\t\t\t<\/div>\n\t\t\t\t\t<\/div>\n\t\t\t\t<\/div>\n\t\t\t\t<\/div>\n\t\t","protected":false},"excerpt":{"rendered":"<p>Trafi\u0142e\u015b do nas? Czyli posiadasz problem jak wi\u0119kszo\u015bc firm ofertuj\u0105ce us\u0142ugi. My znamy twoje problemy: Masz problem w nowym \u015bwiecie internetu aby pozyskiwa\u0107 nowych klient\u00f3w? Masz telefony, kt\u00f3re tobie uciekaj\u0105? Era notes\u00f3w to ju\u017c przesz\u0142o\u015b\u0107!\u00a0 Tutaj wchodzimy MY! Naszym celem jest aby\u015b nie przejmowa\u0142 sie nowymi klientami.\u00a0 My pozyskamy ich za ciebie wraz z wdro\u017ceniem [&hellip;]<\/p>\n","protected":false},"author":1,"featured_media":0,"parent":0,"menu_order":0,"comment_status":"closed","ping_status":"closed","template":"","meta":{"ocean_post_layout":"","ocean_both_sidebars_style":"","ocean_both_sidebars_content_width":0,"ocean_both_sidebars_sidebars_width":0,"ocean_sidebar":"","ocean_second_sidebar":"","ocean_disable_margins":"enable","ocean_add_body_class":"","ocean_shortcode_before_top_bar":"","ocean_shortcode_after_top_bar":"","ocean_shortcode_before_header":"","ocean_shortcode_after_header":"","ocean_has_shortcode":"","ocean_shortcode_after_title":"","ocean_shortcode_before_footer_widgets":"","ocean_shortcode_after_footer_widgets":"","ocean_shortcode_before_footer_bottom":"","ocean_shortcode_after_footer_bottom":"","ocean_display_top_bar":"default","ocean_display_header":"default","ocean_header_style":"","ocean_center_header_left_menu":"","ocean_custom_header_template":"","ocean_custom_logo":0,"ocean_custom_retina_logo":0,"ocean_custom_logo_max_width":0,"ocean_custom_logo_tablet_max_width":0,"ocean_custom_logo_mobile_max_width":0,"ocean_custom_logo_max_height":0,"ocean_custom_logo_tablet_max_height":0,"ocean_custom_logo_mobile_max_height":0,"ocean_header_custom_menu":"","ocean_menu_typo_font_family":"","ocean_menu_typo_font_subset":"","ocean_menu_typo_font_size":0,"ocean_menu_typo_font_size_tablet":0,"ocean_menu_typo_font_size_mobile":0,"ocean_menu_typo_font_size_unit":"px","ocean_menu_typo_font_weight":"","ocean_menu_typo_font_weight_tablet":"","ocean_menu_typo_font_weight_mobile":"","ocean_menu_typo_transform":"","ocean_menu_typo_transform_tablet":"","ocean_menu_typo_transform_mobile":"","ocean_menu_typo_line_height":0,"ocean_menu_typo_line_height_tablet":0,"ocean_menu_typo_line_height_mobile":0,"ocean_menu_typo_line_height_unit":"","ocean_menu_typo_spacing":0,"ocean_menu_typo_spacing_tablet":0,"ocean_menu_typo_spacing_mobile":0,"ocean_menu_typo_spacing_unit":"","ocean_menu_link_color":"","ocean_menu_link_color_hover":"","ocean_menu_link_color_active":"","ocean_menu_link_background":"","ocean_menu_link_hover_background":"","ocean_menu_link_active_background":"","ocean_menu_social_links_bg":"","ocean_menu_social_hover_links_bg":"","ocean_menu_social_links_color":"","ocean_menu_social_hover_links_color":"","ocean_disable_title":"default","ocean_disable_heading":"default","ocean_post_title":"","ocean_post_subheading":"","ocean_post_title_style":"","ocean_post_title_background_color":"","ocean_post_title_background":0,"ocean_post_title_bg_image_position":"","ocean_post_title_bg_image_attachment":"","ocean_post_title_bg_image_repeat":"","ocean_post_title_bg_image_size":"","ocean_post_title_height":0,"ocean_post_title_bg_overlay":0.5,"ocean_post_title_bg_overlay_color":"","ocean_disable_breadcrumbs":"default","ocean_breadcrumbs_color":"","ocean_breadcrumbs_separator_color":"","ocean_breadcrumbs_links_color":"","ocean_breadcrumbs_links_hover_color":"","ocean_display_footer_widgets":"default","ocean_display_footer_bottom":"default","ocean_custom_footer_template":"","footnotes":""},"class_list":["post-10","page","type-page","status-publish","hentry","entry","owp-thumbs-layout-horizontal","owp-btn-normal","owp-tabs-layout-horizontal","has-no-thumbnails","has-product-nav"],"aioseo_notices":[],"jetpack_sharing_enabled":true,"_links":{"self":[{"href":"https:\/\/leadmatic.pl\/index.php\/wp-json\/wp\/v2\/pages\/10","targetHints":{"allow":["GET"]}}],"collection":[{"href":"https:\/\/leadmatic.pl\/index.php\/wp-json\/wp\/v2\/pages"}],"about":[{"href":"https:\/\/leadmatic.pl\/index.php\/wp-json\/wp\/v2\/types\/page"}],"author":[{"embeddable":true,"href":"https:\/\/leadmatic.pl\/index.php\/wp-json\/wp\/v2\/users\/1"}],"replies":[{"embeddable":true,"href":"https:\/\/leadmatic.pl\/index.php\/wp-json\/wp\/v2\/comments?post=10"}],"version-history":[{"count":93,"href":"https:\/\/leadmatic.pl\/index.php\/wp-json\/wp\/v2\/pages\/10\/revisions"}],"predecessor-version":[{"id":578,"href":"https:\/\/leadmatic.pl\/index.php\/wp-json\/wp\/v2\/pages\/10\/revisions\/578"}],"wp:attachment":[{"href":"https:\/\/leadmatic.pl\/index.php\/wp-json\/wp\/v2\/media?parent=10"}],"curies":[{"name":"wp","href":"https:\/\/api.w.org\/{rel}","templated":true}]}}